6*-16.
2, 101
Let q(h) = -h**3 - 11*h**2 - 19*h - 5. Let f be -11 - (6 + -9 + 3). List the prime factors of q(f).
2, 3, 17
Let f be ((-240)/64)/((-3)/20). Let t = f - -84. Suppose -5*q + 276 = -t. List the prime factors of q.
7, 11
Suppose -248*i - 3429369 = -11685326 - 1316099. What are the prime factors of i?
13, 2969
Let m = 127 + -379. What are the prime factors of (-2380)/(-18) + 56/m?
2, 3, 11
Let x(m) = 10 + 1 - 12 + m. Let n be x(4). Suppose y - 3*y + 2*d = -46, 5*y = -n*d + 147. List the prime factors of y.
3
Suppose 25583 = 2*a - 3*i - 35356, -30469 = -a + 2*i. What are the prime factors of a?
3, 7, 1451
Suppose 25*s = 125 - 25. Suppose -6*w = 2*k - 2*w - 394, -s*w = -3*k + 541. What are the prime factors of k?
11, 17
Suppose -3*j = 3*h - 15 + 6, -2*j + 9 = 3*h. Suppose 18 = 3*c + h, -5*g + c + 1615 = 0. List the prime factors of g.
2, 3
Suppose a = 5*m + 1, 13*m - 12*m + 21 = -5*a. Let v be ((2 - 3) + 1 + 230)/m. Let d = -123 - v. List the prime factors of d.
107
Suppose 2*s + c - 4111 = 0, 2*s + 3*s = 7*c + 10230. List the prime factors of s.
2053
List the prime factors of ((-120)/(-70) - 2) + (-156052)/(-28).
5573
Let h(p) = p**2 + 10*p + 4. Let g be h(-9). Let s(y) = -40*y + 52. Let v(b) = -45*b + 56. Let x(a) = 6*s(a) - 5*v(a). List the prime factors of x(g).
107
Let n be (10/4)/(9/2286). Suppose r - 3*r + n = -5*x, -640 = -2*r + 4*x. List the prime factors of r.
2, 3, 5, 11
Let g be -2*(60/(-50) - 1/(-5)). Suppose -c + g*d = 4*c - 4220, -c = d - 837. List the prime factors of c.
2, 421
Suppose 5 = 19*o - 18*o. Suppose -2*n = -5*i - 21, -4*n - 16 - 17 = o*i. What are the prime factors of 9/(0 + 3) - 2/n?
2
Let b(s) = -11*s - 49. Let f(j) = -10*j - 50. Let g(w) = 6*b(w) - 5*f(w). Suppose -2*u = 3*z + 42, -38*u = -5*z - 40*u - 74. What are the prime factors of g(z)?
2, 53
List the prime factors of 10/((-110)/(-33)) + 22085.
2, 11, 251
Suppose 155 = v + 4*v + n, 3*v - 5*n = 65. Suppose -898 = -32*r + v*r. What are the prime factors of r?
449
Let z(q) = 14*q - 146. Let m be z(12). Suppose f = -2*t + 971, -m*t - 5*f = -24*t + 1001. List the prime factors of t.
2, 61
Let b(z) be the third derivative of z**5/30 + z**4/3 + 38*z**3/3 + 15*z**2 + 2*z. List the prime factors of b(-18).
2, 5, 29
Suppose -7*g + 18*g - 112388 = 7*g. What are the prime factors of g?
28097
Suppose 0 = -8*q + q + 126. Let g = q - 111. Let j = g + 166. What are the prime factors of j?
73
Suppose 0 = -3*b - 4*i + 169745, 141*i - 136*i = -3*b + 169753. List the prime factors of b.
3, 109, 173
Let j = 56 + -114. List the prime factors of (-1 + (-5)/(-7))/(j/166054).
2, 409
Let c = 11730 - -2418. What are the prime factors of c?
2, 3, 131
Let k = -167 + 169. Suppose 2332 = k*p + 3*j, 6*j = 5*j. List the prime factors of p.
2, 11, 53
Suppose 3*h = -3*i + 45, 0 = i - 4*h + h + 5. Suppose -7176 = -i*m - 2*m. Let z = m - 426. What are the prime factors of z?
2, 43
Suppose 4 = 65*k - 69*k. Let g be 1308/6 + 4 - (k - -2). Suppose a - 2*a + g = j, 0 = j + 3*a - 219. List the prime factors of j.
2, 3, 37
What are the prime factors of (-50685)/10*((-42)/(-18) - 5)?
2, 31, 109
Let j be ((-5)/2)/((-12)/48). Suppose 0*a + j*a = 3*a. List the prime factors of 54/(-5)*(-14 + (a - 6)).
2, 3
Suppose -5*h - 66*a = -61*a - 4015, -h + 782 = 8*a. Let c be (-2)/(4*(-1)/(-1138)). Let k = h + c. What are the prime factors of k?
3, 79
Suppose 52*j = 47*j - 90. List the prime factors of (-182 - 4)*12/j.
2, 31
Let x be (-32)/40*3410/(-4). Suppose 215 = -t + x. List the prime factors of t.
467
Let f be (-35)/(-10)*6/1. Let u(j) = j**2 - j - 1. Let n(b) = 4*b**2 - 26*b - 28. Let a(t) = -n(t) + 3*u(t). List the prime factors of a(f).
67
Let l = -9816 - -15216. List the prime factors of (l/350)/((-4)/(-266)).
2, 3, 19
Let l(b) = 2*b**3 + 53*b**2 + 23*b - 26. List the prime factors of l(-21).
2, 13, 167
Let m be 58/(-12) - -3 - (-7)/(-42). List the prime factors of 16*260/(-16)*m.
2, 5, 13
Suppose 3 = -9*s + 21. Suppose -s*t - 3*h = -664, 573 - 227 = t - 2*h. What are the prime factors of t?
2, 13
Suppose -9540 = -16*l + l. Let m = 1173 - l. What are the prime factors of m?
3, 179
Let j be (3/((-9)/4))/(3/(-4302)). Suppose -5*x - p = -4*x - j, -3*x = -4*p - 5715. Suppose 0 = -17*a + x - 413. List the prime factors of a.
2, 11
Let y = -1662 - -15312. List the prime factors of y.
2, 3, 5, 7, 13
Let z be (-8 + 9)/(1/10). What are the prime factors of 4036/z - (-10)/25?
2, 101
Suppose -126*l - 53*l + 3351417 = 0. List the prime factors of l.
3, 79
Suppose -18*f = -10*f + 24. Let v be f/((-18)/(-44))*585/(-10). Let l = -305 + v. List the prime factors of l.
2, 31
What are the prime factors of (-1)/(1/(-17243)) - (267 + -274)?
2, 3, 5, 23
Suppose 162646 = 35*o - 77909. List the prime factors of o.
3, 29, 79
Let t(c) = -5*c**2 + 27*c - 7. Let g be t(5). Suppose y + g*n = 384, 648 = 3*y + 4*n - 494. List the prime factors of y.
2, 3, 7
Let h be 18/24 + 987/12. Suppose 2*f - h = -p, 3*f = 7*f - 2*p - 146. Suppose -3*b + 78 = -f. What are the prime factors of b?
3, 13
Suppose 0 = -5*p - 2*n + 16154, -11*p + n = -16*p + 16152. List the prime factors of p.
2, 5, 17, 19
Suppose 1939617 = 51*c + 29*c + 330817. List the prime factors of c.
2, 5, 2011
Suppose 0 = -4*y - 8, 0 = -16*t + 11*t + y + 2. Suppose t = -10*h - 16*h + 15990. List the prime factors of h.
3, 5, 41
Let b(g) = g**2 + 9. Let y(t) = -3*t**2 + t - 17. Let k(o) = -5*b(o) - 2*y(o). Let i be k(-4). Suppose -i*c + 330 = -10*c. List the prime factors of c.
2, 5, 11
Suppose -24*j - 126 = -27*j. Let y be (6/5)/(5/(-75)). Let z = j + y. List the prime factors of z.
2, 3
Let i be 12/(-20) - 210834/(-90). Suppose i = -8*l + 6990. What are the prime factors of l?
7, 83
Let f be 110*3*(-39)/(-6). What are the prime factors of ((-6)/5)/((-22)/f)?
3, 13
Let d(j) = 33*j**2 - 2*j - 34. Let p be (10/(-8))/(2/16*2). What are the prime factors of d(p)?
3, 89
Let y = -2813 - -6254. What are the prime factors of y?
3, 31, 37
Let h = 3273 + -2264. Suppose -t = -4*j - h, 5*t = 7*j - 6*j + 5045. What are the prime factors of t?
1009
Let w(p) = -7*p + 1. Let g be w(0). What are the prime factors of 21/(g/(1448/24))?
7, 181
Suppose -4*u - 1338 = -2*p, -4*p - 118 = 5*u + 1535. Let i = -183 - u. What are the prime factors of i?
2, 3, 5
Suppose -3*g - 840 = 5*g. Let o = g - -111. Suppose 775 = 4*m + a - o*a, -780 = -4*m + 4*a. List the prime factors of m.
2, 5
Let d(u) = -25*u + 4. Let z = 14 + -94. Let n = -82 - z. List the prime factors of d(n).
2, 3
Suppose -3*h + 5*r = -6*h + 32708, 10900 = h + r. What are the prime factors of h?
2, 3, 227
Suppose 19 = 9*k - 35. Suppose -3*z - 6 = -k*z. Suppose 0 = z*d - 227 - 5. What are the prime factors of d?
2, 29
Let u(v) = 1862*v + 98. Let n(j) = -620*j - 32. Let a(p) = -8*n(p) - 3*u(p). List the prime factors of a(-2).
2, 607
Let n(m) = 22*m + 8. Let c be n(6). Let q = 64 - c. Let r = q + 82. List the prime factors of r.
2, 3
Let f(j) = 12*j - 6. Let k(u) be the second derivative of u**3/3 - u**2/2 - u. Let o(n) = -f(n) + 5*k(n). What are the prime factors of o(-29)?
59
Suppose 163 + 37 = 4*a. Let p be a*4/16*4. Let k = p - 22. What are the prime factors of k?
2, 7
List the prime factors of 5/(15/15953) + 1/3.
2, 2659
Let d(q) be the first derivative of -5*q**2/2 - 24*q - 61. What are the prime factors of d(-12)?
2, 3
Suppose 6*w = 3*w. Suppose -8*s + 0*s + 16 = w. Suppose -2*f - s*g = -4*f + 48, -2*f + 33 = 3*g. What are the prime factors of f?
3, 7
Let r(p) = -p**3 - p**2 - 2*p + 20428. Let n be r(0). Suppose 6368 = -19*t + n. List the prime factors of t.
2, 5, 37
Let z(k) = -173*k + 899. What are the prime factors of z(-13)?
2, 787
Suppose 9*v = -v + 32700. Suppose 20*f = 15*f - p + v, -2*f = -p - 1308. List the prime factors of f.
2, 3, 109
Let r be (15/(-25))/(1/(-265)*1). Let a be 14/8 - (-4)/16. Suppose -192 + 39 = -3*u - 4*d, 3*u + a*d - r = 0. What are the prime factors of u?
5, 11
Let m be (-1 + 2 - 7)/(24 - 27). Suppose -255 = -3*p - 3*o - 0*o, 5*p - m*o - 460 = 0. What are the prime factors of p?
2, 3, 5
Suppose -4*c = 3*c + 14*c - 187362. What are the prime factors of c?
2, 3, 1487
Suppose 0 = -40*p + 178603 + 77117. List the prime factors of p.
3, 2131
Let f(y) = -y**3 + 30*y**2 + 36*y + 51347. What are the prim